se -2*n - 5*c + 5 = 20, 2*c = 5*n - 6. Suppose -10*v + 2*v = n. Let o(t) = t - 9. What is o(v)?
-9
Let s be (70/3)/((-12)/(-18)). Suppose 6*b - b = 2*p + s, 2*b = 5*p + 35. Let l(i) = -b*i - 2 - 2 + 4*i. Determine l(-5).
1
Let v(x) = -39 + 51 + x**3 + x - x. Calculate v(0).
12
Let k(m) = 2*m + 2. Let j(x) = x**3 - 15*x**2 + 25*x + 9. Let h be j(13). What is k(h)?
-6
Let x(f) be the first derivative of -2*f**3/3 - 2*f**2 + 8*f - 153. Determine x(-4).
-8
Let v(q) = 21 - 220*q**2 + 894*q**2 - 222*q**2 - 229*q**2 - 11*q - 222*q**2. Give v(11).
21
Let y(x) = x + 6. Let t = 263 - 263. What is y(t)?
6
Let s(f) = -f + 21. Let k be s(17). Suppose 0 = -4*u - 16, -k*u = -5*h + 26 + 15. Let j(p) = -p**3 + 5*p**2 - 4*p + 5. What is j(h)?
-15
Let l be 20/6 + (-12)/162*-9. Let m(b) be the third derivative of -2*b**2 + 0*b + 0 - 5/24*b**l + 0*b**3. What is m(-3)?
15
Let i(x) be the first derivative of -4*x**2 + 2*x + 407. Give i(-5).
42
Suppose 62*s - 215 = -711. Let t(a) = a + 4. Give t(s).
-4
Let h(k) be the third derivative of -k**4/24 + k**3/3 - k**2 - 10*k. What is h(2)?
0
Let a(f) = f - 14*f + 4*f + 4*f + 6*f - 1. Let m = 4 + -1. Calculate a(m).
2
Let r(g) = 4*g - 19*g**2 + 1 + 35*g**2 - 14*g**2. Let f(j) = -2*j + 47. Let b be f(25). Calculate r(b).
7
Let p(s) = s - 1. Let x be p(5). Suppose 3*y - 2*u = 2*y + 5, 2*y + u = 5. Let i(v) = -46*v + 2 + y*v**2 + 101*v - 50*v - v**3. What is i(x)?
6
Let y(g) = -g + 9. Let z be (-17)/(-1) - (1 + -2). Suppose -18 = -9*h + z. Give y(h).
5
Let x(k) = -2*k + 4. Let r(v) = v - 2. Let z(b) = -9*r(b) - 4*x(b). Let n(t) = -t**2 - 4*t + 3. Let p = -5 - -1. Let w be n(p). Give z(w).
-1
Let d(x) = x + 3*x**2 - 24*x**2 + 9*x**2 - x**2. Give d(-1).
-14
Let n be (-16 - (3 + -5)) + 12. Let u(f) = -f**3 + f**2 + 2*f - 1. Determine u(n).
7
Let m be (0 - 0)/(5 - 7). Let p(y) = y - 5. Let x be p(11). Let r(a) = m*a + 5*a + 2 - x*a. Determine r(-2).
4
Let j(h) = -144 + 6*h + 0*h**2 - 131 - h**2 + 272. Determine j(3).
6
Let w(s) = -6*s - 45. Let r be w(-9). Let z(k) = -k**2 + 9*k. What is z(r)?
0
Let t(v) = 5*v**3 - 11*v + 12. Let x(s) = s**3 - 3*s + 2. Let n(u) = -t(u) + 4*x(u). What is n(3)?
-34
Let v(h) be the first derivative of -3*h**4/8 - h**3/2 + 17*h**2 + 34. Let l(w) be the second derivative of v(w). What is l(-2)?
15
Let r(p) be the third derivative of 0*p + 0 - 2*p**2 - 1/2*p**3 - 1/60*p**5 - 5/24*p**4. Let m(a) = 6*a**3 - a. Let j be m(-1). Determine r(j).
-3
Let r(j) be the second derivative of j**4/12 - j**3/6 - 3*j**2/2 - 12*j. Calculate r(0).
-3
Let g(j) be the first derivative of -j**4/4 + 7*j**3/3 + 4*j - 71. Let r be (-1)/((-2)/(-14)*-1). What is g(r)?
4
Suppose -4*o - 3*d = -15, -3*o - d + 15 = 2*d. Let p(n) = 5*n**2 - 7. Let z be p(o). Let k(i) = i**2 + 9*i - 10. Give k(z).
-24
Suppose 0 = -2*k + 5*k - 24. Let s(t) = t**3 - 8*t**2 - 3*t + 20. Let i be s(k). Let a(h) = 4*h + 5. Determine a(i).
-11
Let c be ((-21)/(-28))/(3/12). Suppose -9*w - 33 = c. Let t(g) = -g**3 - 6*g**2 - 4*g + 3. Give t(w).
-13
Let g be 8 + 210/(-28) + (-13)/(-2). Let q(u) = -3*u + 1 + 4*u + u. Calculate q(g).
15
Let z(x) = -x**3 + 4*x**2 - 2. Suppose -y - 1 = 5*b, 3*y - 2*b = -4*b - 3. Let p = 3 - y. Determine z(p).
-2
Let t(x) be the third derivative of x**4/8 - x**3/2 - 494*x**2. Give t(2).
3
Let h(s) = -s + 9. Let d be h(5). Suppose q - 10 = 2*u, -d*q + 2*u = -2*q - 12. Let t(c) = c**3 - 5*c - 3*c**2 + 2 - 4*c**2 + q*c**2 - 3. Determine t(6).
5
Let j(h) = -4*h**3 - 316*h**2 + 4*h**3 + h - h**3 + 4 + 315*h**2. What is j(3)?
-29
Let j(b) be the third derivative of -b**4/6 + 4*b**3/3 - 61*b**2. Calculate j(2).
0
Let t = 7 - 10. Let m(z) = 2 + 8*z + 6*z - 15*z + 2. What is m(t)?
7
Let m(q) = 2*q - 4 + 7*q - 12*q + 4*q. Determine m(3).
-1
Let a be 40*6/24 - 8. Let r(k) = k**3 - 6*k**2 + 3*k - 1. Determine r(a).
-11
Let w(h) = 2*h + 11 - 11. Give w(6).
12
Let p(m) be the second derivative of -m**4/12 + m**3/2 - m**2 + 129*m. Let y be 4/(-14) + 6/21. Suppose 2*h = -y*h + 4. What is p(h)?
0
Let p(w) = 2*w + 12. Let z be p(-5). Let g(i) = i**3 - i**2 - 1. Let j be g(z). Let k(o) = 94*o**2 + 1 - 89*o**2 + 0*o + j*o. Give k(-2).
15
Let u be 6/24*-4*5. Let z(a) = a**3 + 3*a**2 - 7*a - 1. Give z(u).
-16
Let q = 31 + -16. Let b(p) = p**3 - 16*p**2 + 13*p + 27. Let c be b(q). Let h(k) = 2*k**2 + 3*k + 2. Calculate h(c).
11
Let h(s) be the third derivative of -1/120*s**6 - 7/24*s**4 - 2*s**2 + 7/60*s**5 + 0 + 0*s + 0*s**3. Suppose -20 = 5*o, -2*o + 5 = -q + 18. Determine h(q).
15
Let s = -2 + -4. Let f be (s/5)/(33/(-110)). Suppose v + 0*v - f = 0. Let u(r) = r**3 - 5*r**2 + 5*r. Give u(v).
4
Let j(f) be the second derivative of -2*f**2 + 4*f + 1/6*f**3 + 0. Determine j(4).
0
Let w = 60 - 48. Let u be -1*w/(-18) + 5/(-3). Let n(a) = -4*a**3. Calculate n(u).
4
Let l(k) = 7 - 6*k - 1932469*k**2 + 1932478*k**2 + k**3 - 5*k + 5. Give l(-10).
22
Let b(h) = h - 1. Suppose -4*z + 8*d = 3*d - 29, 2*z + 5*d = -23. Let m(w) = 4*w - 5. Let y(u) = z*m(u) - 5*b(u). What is y(4)?
-4
Let g(q) = q**3 - 2*q**2 - 3*q + 2. Let h be g(4). Suppose 3*u + 0*u = -y - 13, -2*u - h = 4*y. Let r(z) = -2 + 0*z**2 - 4*z + 3*z**2 - 4*z**2. Determine r(u).
1
Let a(y) = -y**2 + 2. Suppose 4*v + 100 = -3*n, -5*v + 3*n = -94 + 219. Let k = 26 + v. Let b be -5 - (-2 + -1 + k). What is a(b)?
-7
Let j(o) be the second derivative of o**3/3 - 19*o**2/2 - o - 21. Determine j(6).
-7
Let y(h) = -4*h - 3. Let o be y(-5). Let s(t) = -3*t + o - 7 - 13 + t**3 - t**2. Let r(p) = p**3 - 7*p**2 + 6*p + 3. Let v be r(6). Give s(v).
6
Let o be ((12 + 0)/(-3))/((-6)/(-3)). Let i(g) = -4*g**3 - 2*g**2 - 3*g + 2. Let s(u) = -3*u**3 - u**2 - 2*u + 1. Let q(a) = o*i(a) + 3*s(a). Determine q(-1).
1
Let c(m) = m**3 - 7*m**2 + 6*m - 1. Let i(a) = -a**3 + 13*a**2 + 3*a - 17. Let p be i(13). Let g = p - 16. Give c(g).
-1
Let b be -6 - (-5 + -10)/((-3)/(-3)). Let r(x) = -x**2 + 4*x. Give r(b).
-45
Let o(g) be the first derivative of 4*g**3/3 - g**2/2 + 13. Let r(w) = w**3 + 5*w**2 - 6*w - 1. Let t be r(-6). Give o(t).
5
Let u(h) be the second derivative of h**3/3 + 5*h**2/2 + h - 13. Let g = -3 + -2. What is u(g)?
-5
Let i be -4*(-10)/12 - (-294)/(-126). Let d(y) = -4*y + 2. Give d(i).
-2
Let i(j) = -2*j - 29. Let p be 171/57 - (-1)/(1/(-18)). Calculate i(p).
1
Let z(q) = -q**3 - 8*q**2 - 10*q - 7. Let n be z(-7). Let l(h) = 2*h - 3*h - 16*h**2 + n*h**2. Determine l(1).
-3
Let u = 22 - -2. Let j(n) = 0 + 3*n**3 + 15 - 9*n**2 - 14*n - u*n**3 - 3*n. Let i(a) = -10*a**3 - 4*a**2 - 8*a + 7. Let f(q) = 13*i(q) - 6*j(q). What is f(1)?
-3
Let x(i) = -2*i**2 - 10*i - 6. Let u be -16 - -12 - (3 - (-2 - -2)). Calculate x(u).
-34
Let v = 154 - 159. Let r(m) = -m**3 - 6*m**2 + 2*m + 5. Calculate r(v).
-30
Let j(g) be the first derivative of g**5/60 + 7*g**4/24 - g**3/2 + 2*g**2 + 17. Let m(q) be the second derivative of j(q). Calculate m(-5).
-13
Let k be -16 + 306/18 - (-7 - (-3 + 2)). Let n(f) = f**2 - 11*f + 10. Let o(d) = 2*d**2 - 23*d + 21. Let w(m) = 9*n(m) - 4*o(m). Determine w(k).
6
Let g(q) be the second derivative of q**4/12 + 4*q**3/3 + 2*q**2 + 87*q. What is g(-5)?
-11
Let b(i) = 2*i - 3. Let p = -10 + 16. Let s(a) = -1. Let c(k) = p*s(k) - b(k). Calculate c(-4).
5
Let q(t) be the third derivative of -t**5/15 + t**4/8 + t**3/3 + 48*t**2. Let r(s) = -4*s**2 + 4*s + 3. Let v(w) = -5*q(w) + 4*r(w). Let c = 0 + -2. Give v(c).
16
Let k(x) = 2 - 353*x**2 - 347*x**2 + 8*x - x**3 + 1040*x**2 - 349*x**2. Give k(-10).
22
Let w(z) = -z**3 + 6*z**2 + z - 1. Let b be 60/24*(-12)/(-10). Suppose -40 = -5*o - 2*l, b*o - 3*l - 9 = -o. What is w(o)?
5
Let l(f) = f - 4. Suppose 17 = 3*b + 11. Determine l(b).
-2
Suppose 3*v + l = -3*l + 12, 3*v - 3*l = -9. Let x be v - -4*4/8. Let g(m) = 0*m**2 + 1 + m + m**x - 1 + 7. Give g(0).
7
Let p(a) be the first derivative of -2*a**3/3 + 2*a**2 - 3*a + 223. Calculate p(3).
-9
Let o(u) = -u - 2. Suppose 0*f = f - 13. Suppose -z + f + 0 = 0. Let t = 8 - z. Determine o(t).
3
Let f(g) = 13*g**3 - 14*g**3 + g + 3 - 3*g**2 + 0*g. Let a be f(-2). Let j(t) = 2*t**2 + 5*t + 2. Calculate j(a).
5
Let d(p) = 6*p + 6 + 10*p + 11*p - 26*p + 0. Give d(-11).
-5
Let r(o) = 5*o + 67. Let a(v) = -12*v**2 + 2*v + 1. Let x be a(-1). Let l be r(x). Let g(z) be the first derivative of z**3/3 + z**2/2 + 1. Gi